 -3*n + 0*n - 274 = -2*y. What is the highest common divisor of y and 20?
20
Let x(k) = 3*k**2 - 2*k - 1. Let i be x(-2). Suppose -b + i = -2. What is the highest common factor of b and 51?
17
Suppose 2*z = -3*z - 4*b - 2, -5*z + 19 = -3*b. Let t = z + 0. Suppose 0*m + t*m - 22 = 0. What is the highest common divisor of m and 77?
11
Let o be (-6)/39 + 112/52. Let i(c) = 7*c - c**2 - 5*c + 5*c**o. Let b be i(-4). Calculate the highest common factor of 14 and b.
14
Let p be (15/5 + -2)*70. What is the highest common factor of 10 and p?
10
Let q = 16 - 9. Let w = -6 - -4. Let b be (w - (-22)/4)*4. What is the greatest common factor of q and b?
7
Let x(b) = 7*b**2 - 1. Suppose -5*g = -5 + 10. Let i be x(g). Suppose -4*q = 5*v - 33, -4*v + 0*q = 4*q - 24. Calculate the highest common divisor of i and v.
3
Suppose 69 = 4*w - 35. Let b be 26/((-21)/3*4/(-14)). Calculate the greatest common factor of b and w.
13
Suppose -2*w = w - 27. Calculate the highest common factor of w and 18.
9
Let z(c) = c**2 + c + 5. Let f be z(0). Let m be 53/f + 4/10. What is the greatest common divisor of m and 22?
11
Suppose 0 = y + 5*a - 9, -a - 51 = -y - y. Calculate the greatest common divisor of 24 and y.
24
Suppose 0 = -4*h + p + 67, h + 0*p - 8 = 2*p. Let f(n) = -27*n - 18. Let d be f(-8). Calculate the highest common divisor of d and h.
18
Suppose 0 = -5*g - 4*k - 76, -3*g - g - 5*k = 68. Let w = -1 - g. Calculate the greatest common divisor of w and 121.
11
Suppose 0 = -7*w + 2*w + 440. What is the greatest common divisor of 11 and w?
11
Let s be (-380)/(-35) - 1/(-7). Suppose -3*f + 7 = -s. Calculate the greatest common divisor of 15 and f.
3
Let f = 12 + -7. Suppose -4*x = 1 - f. Suppose d = x - 0. Calculate the greatest common factor of 1 and d.
1
Suppose 43*z - 45*z = -20. What is the greatest common factor of z and 25?
5
Suppose -2*v = -7*v + 240. Suppose 2*a + 2*a = 3*j - 48, 0 = j - 3*a - 21. Calculate the highest common factor of j and v.
12
Let n(g) = 10*g**3 + 2*g**2 + g - 1. Let w be n(1). Calculate the highest common divisor of w and 4.
4
Let y(k) = -36*k. Let l be y(2). Let g = -45 - l. Calculate the greatest common factor of g and 3.
3
Let x be 1/((-2)/(-3 - 3)). Let d = -16 + 23. Let j be 36/15*(d - 2). What is the greatest common divisor of x and j?
3
Let p(f) = -24*f**3 + f**2 - 1. Let m = -5 - -4. Let d be p(m). Let r(v) = 6*v**2 + 4*v. Let b be r(-2). Calculate the greatest common factor of d and b.
8
Let y(x) = x**2 - 7*x + 3. Let a be y(5). Let p = a - -37. Calculate the greatest common divisor of p and 45.
15
Let v(i) = i**2 + 2*i - 1. Let b be v(-3). Suppose 2*k - 23 = 9. Calculate the greatest common factor of b and k.
2
Suppose -3*g + 441 + 369 = 0. Suppose -4*d + g = -d. What is the greatest common factor of d and 10?
10
Let g = 38 + -33. Calculate the highest common divisor of g and 25.
5
Let i = 28 - -71. What is the greatest common factor of 11 and i?
11
Let g(l) = 8*l**3 - l**2 + l - 1. Let s be g(1). Suppose -o = -7 - 0. Calculate the highest common factor of s and o.
7
Suppose 4*y = y - 3. Let r be (0 - y) + (-84)/(-7). Let c(d) = d**2 - 5*d + 7. Let v be c(6). Calculate the greatest common divisor of v and r.
13
Let i be 6/4 - (-13)/26. Suppose 2*f - 28 = -i. What is the highest common factor of f and 104?
13
Let p = 7 + -4. Let s be (1 - p) + 3*-4. Let i = 0 - s. What is the highest common divisor of 7 and i?
7
Let c be -4 + 5 - (-1 + -15). Let d be -4 + 2 - (-8 - 1). Suppose 0 = -5*f + d + 758. What is the greatest common factor of c and f?
17
Let s be (-1)/((-9)/(-2)) + 1962/81. Calculate the highest common divisor of s and 216.
24
Let k = 127 + -55. Let p be (k/(-27))/((-4)/18). Suppose -3*t + 5*c = t - 73, -2*t - c = -19. What is the greatest common divisor of t and p?
12
Let u = 3 + 2. Suppose -u*a + 16 = 2*m, 0 = 2*m - 2*a - 2 - 0. Let y be 2/(-6) + (-37)/(-3). What is the highest common factor of m and y?
3
Suppose -7*t + 18 = -10. Let r(s) = 20*s**3 - s**2 + s. Let h be r(1). What is the greatest common divisor of t and h?
4
Let p be 3/12 - (-716)/16. Calculate the highest common factor of p and 15.
15
Let i = 16 - -14. Suppose x - 480 = -x. Calculate the highest common factor of x and i.
30
Suppose -4*h = g + 2*g - 36, 19 = g - h. What is the highest common divisor of g and 80?
16
Suppose 0 = 3*o - 2*k - 28, 5*o - 9 + 4 = -5*k. Calculate the highest common divisor of 2 and o.
2
Let u(y) = -y**3 - 10*y**2 - 3*y - 12. Let h be u(-10). What is the highest common factor of h and 144?
18
Suppose 5*v - 247 = 28. What is the greatest common divisor of 11 and v?
11
Let p(k) be the first derivative of 10*k**3/3 + k**2 + 2. Let s be p(2). What is the highest common divisor of 22 and s?
22
Let a = 52 - 2. What is the greatest common factor of 75 and a?
25
Suppose 3*c = -2*c + 5. Suppose 0 = -w - 0 + c. Suppose -h + 6 = w. Calculate the greatest common factor of h and 5.
5
Let u be (-2)/(5/(30/(-4))). Suppose -r = -16 - u. Suppose 0 = 5*d + r - 69. Calculate the highest common divisor of d and 30.
10
Let b be (-182)/(-9) - 18/81. Let g(l) = 2*l - 3. Let c be g(3). Suppose -c*w = -184 - 116. What is the greatest common factor of b and w?
20
Suppose -b = -5*g - 41, g - b = -5 - 4. Let k = 13 + g. Let t be 8*6/5*k. Calculate the highest common divisor of t and 32.
16
Let g be (-4)/(-10) + (-129)/(-15). Let k = g - 35. Let s = 50 + k. Calculate the greatest common factor of 16 and s.
8
Let a be -1 + 6 + 3/(-1). Suppose -a = -4*y + 2. Suppose -3*q + y = -8. Calculate the greatest common factor of q and 15.
3
Let s = 3 + 6. Suppose 5*q + s = 44. Let a be 1*(48 - -1)*1. What is the greatest common factor of a and q?
7
Let j = 77 - 53. What is the greatest common factor of j and 264?
24
Let q(f) = -2*f + 34. Let a be q(5). Calculate the greatest common divisor of 3 and a.
3
Let j = 5 + 10. Suppose c = -4*c + j. Calculate the greatest common divisor of c and 12.
3
Let j be -2 - 2/(2/(-5)). Suppose 2*f = -5 + 7. Calculate the highest common factor of j and f.
1
Let k(g) = -4*g - 5. Let i be k(-6). Calculate the greatest common divisor of 76 and i.
19
Suppose -3*d + 3*t = -39, -3*d + 38 = -4*t - 6. Let m(r) = -r**2 + 9*r - 2. Let i be m(7). Calculate the greatest common divisor of d and i.
4
Suppose 45 = l + 15. Suppose 4*r - l - 21 = 5*w, 30 = 3*r - w. Let d = -50 - -77. Calculate the greatest common factor of d and r.
9
Let u(m) = 4*m**2 + 4*m + 3. Let w be u(-2). Let z be (-4)/((-99)/51 - -2). Let f = z - -101. What is the greatest common factor of f and w?
11
Suppose 2*c + 4*c - 36 = 0. Suppose 2*q - 5*q - 3*n - 33 = 0, 9 = -3*q + 5*n. Let i = -5 - q. What is the greatest common divisor of i and c?
3
Let u = -3 + 7. Suppose -d = -5*w + u, -16 = 3*w - w + 4*d. Suppose w = 2*i + 2*r - 8, 2*r + 2 + 11 = i. Calculate the highest common divisor of 28 and i.
7
Suppose -5*y = -j - 11, -2*j - y + 53 = 4*y. What is the greatest common divisor of j and 21?
7
Let w(b) = 6*b + 1. Let h be w(4). Let x(y) = -y**3 + 6*y**2 + 8*y + 3. Let f be x(7). What is the greatest common divisor of h and f?
5
Suppose 0 = -0*k - 3*k + 33. Let v = k - 3. Calculate the greatest common divisor of v and 64.
8
Let i(u) = -19*u - 13. Let p be i(-9). Suppose -2*g - 47 = 109. Let q = g + p. Calculate the greatest common divisor of 10 and q.
10
Suppose i + i = 2*a - 76, 2*i - 169 = -5*a. Let k = -3 - -8. Suppose v = -4*r + 30, -k*r + 3*v + 0*v + 29 = 0. Calculate the highest common factor of a and r.
7
Suppose 4*o + 5*b + 0 = -4, 0 = -5*b - 20. What is the highest common factor of o and 6?
2
Suppose 0 = b + 2*b - 42. Let n = 2 + 10. Let y be (n/(-2))/(4/(-14)). Calculate the greatest common divisor of b and y.
7
Let i = -79 - -117. Let u = 0 - 0. Suppose 4*h + 5*j - 55 + 11 = 0, u = -5*h - 2*j + i. Calculate the highest common factor of h and 66.
6
Suppose -5*q + 4*n = -97, 3*q = -0*q + n + 61. Calculate the greatest common divisor of 7 and q.
7
Let y(j) = -j**2 + 11*j. Let m be y(6). Calculate the greatest common divisor of m and 270.
30
Suppose -3*c - 3*p + 330 = 0, -5*c + 713 - 113 = -5*p. What is the greatest common factor of c and 23?
23
Let x = -2 - -3. Let q(l) = -x + 2 - 2*l**3 + 9*l**3 - 2*l**2. Let f be q(1). Calculate the highest common divisor of 66 and f.
6
S